l - b. Calculate the greatest common factor of 207 and l.
9
Suppose 3202 + 733 = 338*m - 797. Calculate the highest common divisor of m and 1988.
14
Let y(n) = 31*n - 5. Let s be y(4). Let o be (((-3145)/(-407))/((-32)/(-176)))/(15/6). Calculate the greatest common divisor of o and s.
17
Let w = -21606 - -23130. What is the highest common divisor of w and 24?
12
Suppose -5*v + 3*v + 12 = 0. Suppose -5*w + l + 104 - 19 = 0, 5*w + 18*l + 105 = 0. What is the greatest common factor of v and w?
3
Suppose -5*f + b = -27, 7 = 2*f - 2*b - 7. Suppose -f*v + 91 = -44. Let g = -16 + v. What is the greatest common factor of 121 and g?
11
Suppose 33*i - 15*i = -15*i + 1188. Calculate the greatest common factor of 204 and i.
12
Let g be 1/((-68)/(-14) - 5). Let d = g + 18. What is the highest common divisor of d and 11?
11
Let x(d) = d**3 + 39*d**2 - 68*d - 12. Let i be x(2). What is the greatest common factor of i and 1048?
8
Suppose 10*r + 853 = 203. Let d = r + 77. Let h be ((-2)/(-5))/(1/60). What is the highest common divisor of h and d?
12
Suppose 4*f - 2*d = 18, -3*f + d + 9 = 4*d. Let b(u) = -f*u + 17 - 18 + 2*u. Let k be b(-3). Calculate the highest common factor of k and 5.
5
Suppose 7*z + 712 = 985. Let s = 24 + 0. Suppose -s*h + 21*h = -1053. Calculate the greatest common divisor of z and h.
39
Suppose -3*d = -0 - 15. Suppose -d*c + 9*c - 51 = -3*y, -11 = -2*y + 5*c. Calculate the greatest common factor of 325 and y.
13
Let k be 56/(-6)*(-72)/7. Suppose 0 = 9*j - j - k. Calculate the greatest common factor of j and 126.
6
Let c be ((-152)/133)/(2/(-21)). Suppose -a - 3*g + 14 - 6 = 0, -c = 3*g. What is the greatest common factor of a and 20?
20
Suppose -2*l = m - 3*m + 270, -5*m + 630 = 4*l. Suppose -36*b = 20*b - 4368. Calculate the greatest common divisor of m and b.
26
Let l(g) = 245*g - 4617. Let w be l(19). Calculate the greatest common divisor of w and 1007.
19
Suppose 10*b - 13*b - 18 = 0. Let s be (-6469)/b + (-5)/30. Suppose 0*t + 11*t = s. What is the greatest common factor of 49 and t?
49
Let m = -38230 - -38356. Calculate the greatest common factor of m and 7.
7
Let i = 724 + -722. Suppose i*c + 273 - 1263 = 0. What is the highest common divisor of 45 and c?
45
Let y = -19 + 237. Let i = y + -163. What is the greatest common divisor of i and 132?
11
Suppose 2*w = 2*t + 10, -4*w = -2*w - 10. Suppose t = -8*g - 14 - 18. Let v be -2 + g*(-4 + 2). What is the highest common factor of 2 and v?
2
Let a = 424 - 451. Let g = 401 + a. What is the greatest common divisor of g and 66?
22
Suppose 6*j - 120 = 2*j. Suppose 19*k = j*k - 792. Suppose -8*c = -3*c - 270. What is the highest common divisor of c and k?
18
Let z(b) = 23*b - 27. Let o be z(3). Suppose -10*m + 3*m = o. Let t be 1/((-30)/(-72) - (-2)/m). Calculate the greatest common divisor of t and 12.
12
Suppose 7*z - 30 = 19. Suppose -z*c = -0*c - 21. Suppose -c*h = -0*h - 78. What is the highest common factor of h and 39?
13
Suppose -3*j - 3 = -2*j, -2*h = 5*j - 5. Suppose h*k - 195 = -5*k. Calculate the highest common factor of k and 104.
13
Suppose 2*w + 12*l = 5*w - 621, 24 = 4*l. What is the highest common divisor of 273 and w?
21
Suppose -38*c - 1350 = -68*c. What is the greatest common divisor of c and 390?
15
Let z = -4900 - -19340. Calculate the highest common divisor of z and 40.
40
Let i(j) = -10*j. Let c be i(-2). Let h(a) = 3*a - 5 - 4*a + 17 + a**3 - 8*a**2. Let t be h(8). Calculate the highest common divisor of t and c.
4
Suppose 77*t + 47*t = t + 369. Let m = 33 - 12. What is the highest common divisor of t and m?
3
Let f be 136/15 + (2/50 - (-30)/1125)/(-1). Let s = -6 - -51. What is the highest common divisor of s and f?
9
Suppose -8*r + 11*r = -201. Let q = r + 74. What is the highest common divisor of 35 and q?
7
Let h = 178 + -155. Suppose -h*j + 13495 = -374. Calculate the greatest common divisor of 67 and j.
67
Suppose 28 = -4*k + 8, -31 = -s + 2*k. Suppose 20 = 76*a - 71*a. Let f be 60/5 - (a - 6). Calculate the highest common factor of f and s.
7
Let h = 242 - 182. Suppose -h = -16*m + 11*m. What is the greatest common factor of 6 and m?
6
Let a = 75 + -10. Let y be (182/a)/(2/65). Calculate the highest common factor of y and 13.
13
Suppose 1680*l - 1682*l - 16 = 0, 112 = z - 3*l. Suppose 0 = 5*i + 613 - 1713. Calculate the highest common divisor of i and z.
44
Suppose -16*q + 4332 = 620. Calculate the highest common divisor of q and 667.
29
Let r be -4 + 0 - 6/(-3)*-2*-4. What is the highest common divisor of r and 6828?
12
Suppose -2*k - 72 = -4*m, -55*k + 52*k - 5*m = 163. Let p be -42*k/(-6)*-1. Calculate the highest common divisor of p and 92.
46
Let j = 1999 + -1259. Calculate the highest common divisor of j and 60.
20
Let v be 228/10 - 3/(-15). Suppose 0 = 2*c + 41 + 119. Let x be (46/8)/((-20)/c). Calculate the greatest common divisor of x and v.
23
Suppose -212*i + 12882 = -99*i. Let g = 13 + -7. What is the greatest common divisor of i and g?
6
Let a be 6/((-528)/248) + 4/(-22). Let x be a/12 - (47082/(-24))/7. What is the greatest common divisor of 5 and x?
5
Suppose 26*u - 35*u + 18 = 0. Suppose 0 = -u*q + 154 - 88. Let a(o) = o**3 + 7*o**2 - 8*o + 10. Let m be a(-7). What is the highest common factor of m and q?
33
Let z = 350 - 185. Let k(c) = -277*c + 7. Let g be k(1). Let d be (g/8)/3*136/(-102). Calculate the highest common divisor of d and z.
15
Let t(b) = -b**2 - 165*b - 798. Let g be t(-96). What is the highest common factor of 3 and g?
3
Let g(v) = 1722*v + 42. Let y be g(1). Calculate the greatest common factor of y and 56.
28
Let m = -10275 + 10294. What is the greatest common factor of m and 17309?
19
Let i = 31 + -199. Let j = i - -186. Calculate the highest common factor of j and 72.
18
Let o(u) = -u**2 + 10*u - 15. Suppose -57 = -14*m + 41. Let q be o(m). What is the highest common factor of 24 and q?
6
Suppose 0 = -5*v - 3*s, s = 5*v + 49 - 69. Suppose -4*d + 154 + 530 = 0. Calculate the highest common factor of d and v.
3
Let m be (-952)/(-544) + (-1257)/(-4). Calculate the greatest common divisor of m and 20.
4
Let f = 11905 + -11470. What is the greatest common factor of f and 495?
15
Let s(k) = k**3 + 19*k**2 + 48*k + 34. Let a be s(-16). Suppose 4 - a = -6*v. What is the highest common factor of v and 80?
5
Let u(p) = 4*p**2 - 12*p - 49. Let d be u(-3). Calculate the highest common factor of d and 161.
23
Let i = 36360 - 36175. What is the greatest common divisor of i and 8621?
37
Let y(k) = 7*k**2 + 2*k - 1. Let j be y(2). Let z = 40 + -36. Suppose w = -0*h - h + 213, 5*w = -z*h + 1069. Calculate the highest common factor of j and w.
31
Let w(y) = 599*y**3 + 17*y**2 - 2*y + 2. Let s be w(1). Let b = 634 - s. What is the highest common divisor of b and 99?
9
Let o = -1559 - -879. Let k = 700 + o. Let l(i) = i. Let u be l(2). What is the highest common divisor of k and u?
2
Let c(b) = b**2 - 11*b + 78. Let g be c(37). Calculate the greatest common divisor of 442 and g.
26
Suppose -11*n = 80 + 8. Suppose -3*v = -6*v - 3. Let d be 25*(n/10 - v). Calculate the highest common divisor of d and 1.
1
Let m be 534/(-2 + 3) - (-6)/(-54)*0. What is the greatest common divisor of 24 and m?
6
Let s(o) = -o**3 + 19*o**2 - 69*o - 75. Let l be s(13). Calculate the highest common divisor of l and 3738.
42
Let c = -505 + 521. Suppose -c*n + 3744 = 2*n. Calculate the highest common factor of n and 65.
13
Suppose 0 = -41*c + 36*c + 33*c - 26068. What is the highest common factor of c and 1197?
133
Let a be (-75998)/148 - (-1)/(-2). Let m = a - -882. Calculate the highest common divisor of 23 and m.
23
Suppose -4*k = 4 - 16. Suppose k*t - 683 = 373. What is the greatest common factor of t and 32?
32
Suppose -3*h = 5*g - 286, 3*h = 11*g + 110 - 720. Calculate the greatest common divisor of g and 3752.
56
Suppose -12 = -2*y + 8. Let b be (3/(-9))/((-15)/(-6075)*-9). What is the highest common divisor of y and b?
5
Let n = -4320 + 4414. What is the greatest common divisor of n and 18142?
94
Suppose -3*y - 80 = 5*g - 173, 9*g + 3*y - 189 = 0. Let t(q) = 3*q. Let h be t(6). What is the greatest common divisor of g and h?
6
Let l(x) = -x**3 + 154*x**2 - 145*x - 216. Let h be l(153). What is the highest common divisor of 714 and h?
42
Let z be (-2 - 0